5 = 0. Is p prime?
True
Let f be 23*(-5)/15 + 1/(-3). Is f/(-12) + (-2378)/(-6) a prime number?
True
Let k(h) = h**3 + 35*h**2 + 37*h - 16. Is k(-13) a composite number?
False
Let z be (-1 + 2)*((-1)/(-1))/1. Is (-2 - (-205)/z)/1 a prime number?
False
Suppose -i = -3*r - 3680, -4*r = -4*i - r + 14765. Is i prime?
False
Let c = 60010 - 7215. Is c composite?
True
Suppose -14310 = -3*i - 2*i. Suppose 3*c + 216 = i. Suppose -4*r + 318 - 21 = m, 3*m + 3*r = c. Is m prime?
True
Suppose -14*a + 16*a - 10294 = 0. Is a prime?
True
Suppose 0 = 56*w - 44*w - 76548. Is w a composite number?
False
Let v = 8611 - 6006. Is v prime?
False
Let d(a) = 2466*a**2 + 15*a + 2. Is d(1) prime?
False
Let t(w) = -209*w**2 - w - 2. Let s be t(-3). Let m = 2733 + s. Is m a prime number?
True
Let m(h) be the third derivative of h**5 + 19*h**4/24 - 7*h**3/6 + 9*h**2. Let q(s) be the first derivative of m(s). Is q(6) a prime number?
True
Let d = -6926 - -24435. Is d prime?
True
Let y be (215/(-2) - 2)*(-8)/(-12). Let u = y - -94. Is u prime?
False
Let f = -17 - -15. Let w be (-3)/(-4) + f/(-8). Let t = 24 - w. Is t composite?
False
Suppose -45*k + 9*k + 180972 = 0. Is k prime?
False
Is 312008/20 + (-15)/(-25) a composite number?
False
Suppose 3*h = 6*h - 27. Suppose h*y = 6*y + 93. Suppose -q = -0*q - y. Is q composite?
False
Is (11/(-33))/(2/(-13218)) a prime number?
True
Let r(j) = -9*j**2 + 8*j**2 - 12 - 4 - 13*j. Let p be r(-11). Is 134/p + 4/6 a prime number?
True
Let z(k) = 57*k**2 - 1. Let c be z(3). Suppose 3*w + 3 = o + 6*w, -o - 5*w + 3 = 0. Suppose 4*j = 4*s + c, o*j + 2*s = -j + 530. Is j composite?
False
Let i be 69 + (1 - -3 - 0). Suppose t - i = -20. Is t a prime number?
True
Let c be -1*5/20 + 127/(-4). Is (6 + c/4)*5514/(-4) a prime number?
False
Suppose 69 - 59 = 5*t. Suppose -t*i = 3*i - 18295. Is i a composite number?
False
Let f be 6/15 + 514*28/20. Suppose -c + 4*m + f = -199, -c + 904 = m. Is c a prime number?
True
Let c(q) = 11935*q + 58. Is c(3) prime?
True
Let h = -25 - -28. Suppose 0 = h*a + 4*g - 97, 5*a = 3*a - 5*g + 67. Is a a composite number?
False
Let v be (-1)/2*(4 + -4). Suppose -38 = -5*u - 5*h - 3, u + 3*h - 13 = v. Is 40 + u/4 + -3 a prime number?
False
Is (-2 - (-591)/9)*21 a prime number?
False
Let z(q) = -3*q**3 - 100*q**2 + 50*q - 28. Is z(-43) composite?
True
Is (2 + 35/(-10))/((-24)/276656) prime?
True
Let j = -13 - -10. Let s be (-2 + j/6)*-2. Suppose 5*t = -2*h - h + 976, 0 = -s*h + 4*t + 1565. Is h a composite number?
False
Let h(l) = -33*l + 17*l**2 + 9*l + 13 + 14*l. Is h(-6) composite?
True
Let t = 29156 + -8667. Is t composite?
True
Let d = -9667 - -20036. Is d a composite number?
False
Let m(g) = -g**3 + 14*g**2 - g + 17. Let s be m(14). Suppose s = -4*q + 15. Suppose 4*o - 5*i = 94, -q*o - 2*o - 5*i = -95. Is o prime?
False
Is 5761 + 0*(-1 - (-9)/6) composite?
True
Let l be -2 - (2 + -1)*-2. Suppose l = -5*v + v. Suppose -2*b + 404 + 470 = v. Is b prime?
False
Let j(q) be the first derivative of q**4/4 + 4*q**3 + 8*q**2 + 15*q + 7. Suppose -n + 0*n - 10 = 0. Is j(n) prime?
False
Suppose 3*s = 5*f - 48, f + 0*f + 5*s - 4 = 0. Suppose -f*j + 29590 = j. Is j composite?
True
Let a = -1 + 7. Let g = a - 1. Let m = 14 + g. Is m a prime number?
True
Let r(l) = 1454*l + 137. Is r(9) a prime number?
False
Suppose -h = -5*z + 757, -4*z + 3*h = z - 751. Let a be (-57)/z - 307/(-8). Suppose a = 7*x - 5*x. Is x a composite number?
False
Suppose -2*o - m = -1730, -4*o = -m - 3*m - 3484. Suppose -u - 249 + o = 0. Is (u/4)/(2/4) prime?
False
Let m(c) = 11*c**2 + 4*c + 1. Let g(d) = 33*d**2 + 12*d + 4. Let l(y) = 4*g(y) - 11*m(y). Is l(-8) prime?
True
Let n(t) = t. Let p(g) = 159*g - 2 + 0*g + 4. Let q(l) = -4*n(l) - p(l). Is q(-1) composite?
True
Suppose 0 = -3*g + 3*r - 51, 5*g + 0*r = 3*r - 87. Let t = 12 + g. Is (-1 + 47)*(-39)/t a prime number?
False
Suppose -9*g - 23769 = -h - 13*g, 3*h + 5*g - 71314 = 0. Is h composite?
False
Let t(d) be the third derivative of 7*d**5/10 + d**4 + 7*d**3/6 + 17*d**2 + 2*d. Is t(-10) a composite number?
False
Suppose 2*b + 2190 = -4*z, 0 = -4*b + 2*b - 3*z - 2191. Let x = -718 - b. Is x composite?
False
Let b(o) = -4207*o - 75. Is b(-4) a prime number?
False
Suppose -7*p + 1040 = -7661. Is p composite?
True
Let k(o) = 190*o - 4. Is k(3) prime?
False
Let b(n) = 35*n**3 - 3*n + 1. Let i(h) = 24*h**3 - 2*h + 7*h + h**2 - 11*h**3 - 83*h**3 - 2. Let r(y) = -5*b(y) - 3*i(y). Is r(2) prime?
True
Let u(c) = 1537*c**2 + 7*c + 5. Is u(-1) prime?
False
Suppose -6 = -8*t + 7*t. Is (-2)/t - 5744/(-24) a composite number?
False
Suppose -4*s + 82721 = -85127. Is s a prime number?
False
Let v(x) = -465*x + 34. Is v(-1) prime?
True
Suppose -5*a + 304296 = -f, 7*f + 3 = 4*f. Is a composite?
False
Let b(f) = f**3 + 4*f**2 + 4. Let m be b(-3). Suppose -37 = 2*c - 5*c - 4*l, 0 = -c + 5*l - m. Is 3 + (c - -3) - 0 composite?
False
Let r be 38/(-8)*(-4)/1. Let l be ((-4)/(-16))/((35/(-100))/(-7)). Suppose l*w - 134 = -r. Is w a composite number?
False
Let s(f) = 6*f**2 - 7*f + 4. Suppose -4*j = p - 18, -4*p = -6*p + 2*j + 6. Let v be s(p). Let k = v - 95. Is k a composite number?
False
Suppose 5*b = 3*t - 20, -2*t - 2*b + 5*b + 12 = 0. Suppose 4*s + 3*s - 931 = t. Is s composite?
True
Let y(i) = 3*i**3 + 12*i**2 - 8*i - 1. Let a be y(8). Suppose -5*w - 2*o + 3733 = 0, o - 2*o + a = 3*w. Is w prime?
False
Let i(a) = a**3 + 15*a**2 + 6*a - 13. Let n be 46 + -2 + -1 + 3. Suppose -f + 5*f = 5*k + n, -4*f = -4*k - 36. Is i(k) a prime number?
False
Let m(n) = 2*n - 24. Let s be m(-9). Is (745/10)/((-3)/s) a prime number?
False
Suppose -a - 2*l = -8439, 6*a + 3*l - 33751 = 2*a. Suppose 0 = -17*i + 6880 + a. Is i a composite number?
True
Let y(l) = l**3 + 32*l**2 - 53*l - 25. Is y(-31) a composite number?
False
Let o(a) = 3*a**2 + 13*a + 11. Let x(i) = i**3 + 13*i**2 - 3*i - 32. Let f be x(-13). Is o(f) prime?
False
Suppose 37*o - 21140 = 9*o. Let l = -515 + 239. Let v = l + o. Is v prime?
True
Suppose 48385 = 5*j - 7*o, 5*j - 48385 = 3*o + o. Is j composite?
False
Suppose 3*r = -0*r. Suppose r*s = -3*s + 216. Suppose s - 370 = -2*i. Is i a prime number?
True
Let p = 1898 - -411. Is p composite?
False
Suppose 0 = l + 4 - 7. Suppose 4*q = -l*t + 5*t - 330, 2*t - 321 = -5*q. Is t a composite number?
False
Suppose 31*n - 38217 = 18544. Is n a composite number?
False
Suppose -5*d = 4*m - m - 3865, -2*m + 2580 = 5*d. Suppose 3*p + 1277 = 5*g, g - 5*p = -4*g + m. Is g composite?
True
Let c(k) = -3*k**3 - 6*k**2 + 2*k + 6. Let u be c(-8). Is 3/5*u + 7/(-35) composite?
True
Is (-1)/((-673180)/(-96170) - 7) prime?
False
Let c be -5*(4/20 - 1). Suppose -c*w - 45 = -3*p, -5*w - 14 = -p + 1. Let x = 4 + p. Is x a prime number?
True
Suppose 6*c + 125104 = 4*z + 4*c, 0 = -3*z + 5*c + 93821. Is z a composite number?
False
Let i = 3 - 0. Let d(k) = 100*k**3 + 4*k**2 - 5*k - 2. Let g(j) = 199*j**3 + 7*j**2 - 9*j - 3. Let y(u) = i*g(u) - 5*d(u). Is y(1) a composite number?
False
Let t(j) = j - 1. Let f(h) = 14*h**2 - 13*h + 10. Let a(b) = f(b) + 6*t(b). Is a(7) a prime number?
True
Suppose 0 = -2*s + 3*f + 11, -5*f - 4 - 1 = 0. Suppose -3*z + 2825 = 2*z + m, -z = -s*m - 565. Is z a composite number?
True
Suppose 4*o + u = -3*u + 4948, -5*u - 2460 = -2*o. Suppose 3*l + 2*l = o. Suppose 245 = 3*f - 2*m, -3*f + 2*m = m - l. Is f composite?
False
Let n(y) be the third derivative of y**5/3 - y**4/8 - 8*y**3/3 + 4*y**2. Let w be (1 - 0)/(5/(-35)). Is n(w) a prime number?
False
Let i(z) = -2*z**3 + 20*z**2 + 15*z + 7. Let y(d) = 3*d**3 - 22*d**2 - 16*d - 7. Let a(j) = 4*i(j) + 3*y(j). Suppose -3*g = g + 40. Is a(g) a prime number?
False
Suppose 481*h = 480*h + 3713. Is h a composite number?
True
Let p = 6626 - -937. Is p prime?
False
Let a(k) = k**3 - 4*k**2 + 4. Let v be a(4). Suppose 3*q + 3*n = 12, -5*q + v*n + 10 = -n. Is q a prime number?
True
Let u be 4/3*18/12. Suppose 3254 = -3*n + 7*n + 3*h, 1632 = u*n - h. Is n a composite number?
True
Suppose f + 5 = 2*q - 0, 0 = 2*f - 10. Suppose -4*g + 364 = -2*g + q*a, 4*g = 2*a + 752. Is g prime?
False
Let l(z) = 22*z + 10. Let t be l(8). Suppose -8*g + 5*g = t. Let w = g - -133. Is w prime?
True
Let n(x) = -647*x - 1. Is n(-10) prime?
True
Is (-6)/(-4) + 8/16 + 587 a prime number?
False
Suppose 2*o - 2